{"id":583,"date":"2016-10-10T11:39:15","date_gmt":"2016-10-10T09:39:15","guid":{"rendered":"https:\/\/content.wlk.eu\/dk\/?page_id=583"},"modified":"2017-09-22T10:37:59","modified_gmt":"2017-09-22T08:37:59","slug":"plejehjemmet_humana","status":"publish","type":"page","link":"https:\/\/content.wlk.eu\/dk\/plejehjemmet_humana\/","title":{"rendered":"Plejehjemmet Humana"},"content":{"rendered":"<h2>Dynamisk belysning til plejehjemmet Humana<\/h2>\n<p>&nbsp;<\/p>\n<p>Plejehjemmet Humanas i G\u00e4vle er en moderne bygning med den nyeste teknik, hvor belysningen har v\u00e6ret et vigtigt element. Det var vigtigt, at omgivelserne gav plads til trivsel, noget der skulle afspejles i b\u00e5de indretningen og belysningen. Meget af forskningen i dag peger p\u00e5 vigtigheden af, at belysningen tilpasses i forhold til anvendelse og til de mennesker, der skal opholde sig der (Human Centric Lighting). Et veltilpasset beboelsesmilj\u00f8 kan p\u00e5virke, hvor gammel en beboer bliver.<\/p>\n<h3>Den fleksible og dynamiske lysl\u00f8sning<\/h3>\n<p>Plejehjemmet i G\u00e4vle er unikt i Sverige, og det er f\u00f8rste gang, at belysning anvendes i denne udstr\u00e6kning til at skabe dynamiske milj\u00f8er, hvor beboernes behov og helbred er i centrum. En dynamisk belysning forbedrer beboernes sundhed og d\u00f8gnopfattelse, og trivselsfaktoren h\u00f8jnes. Godt og tilpasset lys, som skaber en god atmosf\u00e6re, g\u00f8r, at vi forbliver sundere og f\u00f8ler os bedre tilpas. For eksempel kan man med den rigtige belysning hj\u00e6lpe personer med demens og synsproblemer. Lyset er vigtigt for stabiliseringen af vores indre rytme, hvilket g\u00f8r, at man har det bedre og kan pr\u00e6stere mere.<br \/>\nFor Humana var det ogs\u00e5 vigtigt, at belysningen skulle v\u00e6re med til at skabe et milj\u00f8, som indbyder til f\u00e6llesskab og en f\u00f8lelse af inklusion for at bryde den isolering, som mange af beboerne befandt sig i.<\/p>\n<p>For at undg\u00e5 et j\u00e6vnt hvidt lys anvendes connecDIM-styresystemet, s\u00e5 lyset kan f\u00f8lge og forst\u00e6rke dagslysets farver og skift. Ved hj\u00e6lp af LED-moduler fra Tridonic og Welight med justerbar farvetemperatur (Tunable White) kan belysningens lys og farvetemperatur \u00e6ndres i l\u00f8bet af d\u00f8gnet, s\u00e5 det f\u00f8lger skiftene i dagens lys udenfor og spejler d\u00f8gnrytmen. Det er ogs\u00e5 muligt at rette belysningens fokus alt efter aktivitet.<br \/>\nDe vigtigste \u00f8nsker for belysningen var sikkerhed, styregrad og et dynamisk indend\u00f8rslys, og desuden at alt skulle v\u00e6re automatisk. Nogle eksempler kunne v\u00e6re, at lyset automatisk t\u00e6ndes, n\u00e5r en beboer st\u00e5r ud af sengen om natten eller falder ud af sengen. Lyset skal ogs\u00e5 lede beboerne hen til madsalen, n\u00e5r det er tid til frokost eller aftensmad og derefter lede dem tilbage til lejligheden bagefter. Med et dagslysprogram m\u00e6rkes \u00e6ndringerne i lyset ikke, da de ikke sker p\u00e5 en gang, men i intervaller.<br \/>\nI lejlighederne har sengegavlene et lys, der kan styres i l\u00f8bet af dagen, men beboerne har mulighed for at slukke det. Under sengegavlene sidder der ogs\u00e5 nogle sensorer, som aktiveres mellem 21:00 og 07:00. Hvis en beboer st\u00e5r ud af sengen om natten, s\u00e5 t\u00e6ndes der lys i rummet, som leder ud til badev\u00e6relset. Samtidig er alle lejlighedernes sensorer tilsluttet personalets mobiltelefoner, s\u00e5 de kan hj\u00e6lpe hvis der er behov for det.<br \/>\nFor at g\u00f8re det nemt for beboerne at \u00e6ndre belysningen uden at p\u00e5virke hele ejendommens lysprogram, s\u00e5 er der installeret paneler og knapper fra Bticino i lejlighederne med en r\u00e6kke forudindstillede scenarier. Der er installeret tre trykknapper med tydelige symboler. Der kan beboeren v\u00e6lge imellem lysscenarierne morgen, aften og nat.\u00a0Humana har beboere, der bor der i meget lang tid. Derfor kr\u00e6ver de en belysning med lang levetid, der er af god kvalitet, og som f\u00f8rer til et lavere energiforbrug. Med LED og connecDIM-styresystemet kan de nemt h\u00e5ndtere specifikke \u00f8nsker, og der kan f\u00e5s en dataudskrift. Energiforbruget kan afl\u00e6ses for hver enkelt rum og armatur.<br \/>\nconnecDIM muligg\u00f8r tr\u00e5dl\u00f8s betjening via en cloudtjeneste, s\u00e5 ejendommens belysning kan overv\u00e5ges p\u00e5 afstand. Det er muligt at lave programmer, se t\u00e6nd-\/sluktider, sensoraktivitet m.m. Via cloudv\u00e6rkt\u00f8jet kan man ogs\u00e5 betjene hele belysningsprogrammeringen.<\/p>\n","protected":false},"excerpt":{"rendered":"<p>Dynamisk belysning til plejehjemmet Humana &nbsp; Plejehjemmet Humanas i G\u00e4vle er en moderne bygning med den nyeste teknik, hvor belysningen har v\u00e6ret et vigtigt element. Det var vigtigt, at omgivelserne gav plads til trivsel, noget der skulle afspejles i b\u00e5de indretningen og belysningen. Meget af forskningen i dag peger p\u00e5 vigtigheden af, at belysningen tilpasses [&hellip;]<\/p>\n","protected":false},"author":2,"featured_media":0,"parent":0,"menu_order":0,"comment_status":"closed","ping_status":"closed","template":"template-referensprojekt.php","meta":{"_acf_changed":false,"footnotes":""},"class_list":["post-583","page","type-page","status-publish","hentry"],"acf":[],"yoast_head":"<!-- This site is optimized with the Yoast SEO plugin v25.3.1 - https:\/\/yoast.com\/wordpress\/plugins\/seo\/ -->\n<title>Plejehjemmet Humana - Wennerstr\u00f6m Ljuskontroll<\/title>\n<meta name=\"robots\" content=\"index, follow, max-snippet:-1, max-image-preview:large, max-video-preview:-1\" \/>\n<link rel=\"canonical\" href=\"https:\/\/content.wlk.eu\/dk\/plejehjemmet_humana\/\" \/>\n<meta property=\"og:locale\" content=\"da_DK\" \/>\n<meta property=\"og:type\" content=\"article\" \/>\n<meta property=\"og:title\" content=\"Plejehjemmet Humana - Wennerstr\u00f6m Ljuskontroll\" \/>\n<meta property=\"og:description\" content=\"Dynamisk belysning til plejehjemmet Humana &nbsp; Plejehjemmet Humanas i G\u00e4vle er en moderne bygning med den nyeste teknik, hvor belysningen har v\u00e6ret et vigtigt element. Det var vigtigt, at omgivelserne gav plads til trivsel, noget der skulle afspejles i b\u00e5de indretningen og belysningen. Meget af forskningen i dag peger p\u00e5 vigtigheden af, at belysningen tilpasses [&hellip;]\" \/>\n<meta property=\"og:url\" content=\"https:\/\/content.wlk.eu\/dk\/plejehjemmet_humana\/\" \/>\n<meta property=\"og:site_name\" content=\"Wennerstr\u00f6m Ljuskontroll\" \/>\n<meta property=\"article:modified_time\" content=\"2017-09-22T08:37:59+00:00\" \/>\n<meta name=\"twitter:card\" content=\"summary_large_image\" \/>\n<meta name=\"twitter:label1\" content=\"Estimeret l\u00e6setid\" \/>\n\t<meta name=\"twitter:data1\" content=\"3 minutter\" \/>\n<script type=\"application\/ld+json\" class=\"yoast-schema-graph\">{\"@context\":\"https:\/\/schema.org\",\"@graph\":[{\"@type\":\"WebPage\",\"@id\":\"https:\/\/content.wlk.eu\/dk\/plejehjemmet_humana\/\",\"url\":\"https:\/\/content.wlk.eu\/dk\/plejehjemmet_humana\/\",\"name\":\"Plejehjemmet Humana - Wennerstr\u00f6m Ljuskontroll\",\"isPartOf\":{\"@id\":\"https:\/\/content.wlk.eu\/dk\/#website\"},\"datePublished\":\"2016-10-10T09:39:15+00:00\",\"dateModified\":\"2017-09-22T08:37:59+00:00\",\"breadcrumb\":{\"@id\":\"https:\/\/content.wlk.eu\/dk\/plejehjemmet_humana\/#breadcrumb\"},\"inLanguage\":\"da-DK\",\"potentialAction\":[{\"@type\":\"ReadAction\",\"target\":[\"https:\/\/content.wlk.eu\/dk\/plejehjemmet_humana\/\"]}]},{\"@type\":\"BreadcrumbList\",\"@id\":\"https:\/\/content.wlk.eu\/dk\/plejehjemmet_humana\/#breadcrumb\",\"itemListElement\":[{\"@type\":\"ListItem\",\"position\":1,\"name\":\"Hem\",\"item\":\"https:\/\/content.wlk.eu\/dk\/\"},{\"@type\":\"ListItem\",\"position\":2,\"name\":\"Plejehjemmet Humana\"}]},{\"@type\":\"WebSite\",\"@id\":\"https:\/\/content.wlk.eu\/dk\/#website\",\"url\":\"https:\/\/content.wlk.eu\/dk\/\",\"name\":\"Wennerstr\u00f6m Ljuskontroll\",\"description\":\"\",\"potentialAction\":[{\"@type\":\"SearchAction\",\"target\":{\"@type\":\"EntryPoint\",\"urlTemplate\":\"https:\/\/content.wlk.eu\/dk\/?s={search_term_string}\"},\"query-input\":{\"@type\":\"PropertyValueSpecification\",\"valueRequired\":true,\"valueName\":\"search_term_string\"}}],\"inLanguage\":\"da-DK\"}]}<\/script>\n<!-- \/ Yoast SEO plugin. -->","yoast_head_json":{"title":"Plejehjemmet Humana - Wennerstr\u00f6m Ljuskontroll","robots":{"index":"index","follow":"follow","max-snippet":"max-snippet:-1","max-image-preview":"max-image-preview:large","max-video-preview":"max-video-preview:-1"},"canonical":"https:\/\/content.wlk.eu\/dk\/plejehjemmet_humana\/","og_locale":"da_DK","og_type":"article","og_title":"Plejehjemmet Humana - Wennerstr\u00f6m Ljuskontroll","og_description":"Dynamisk belysning til plejehjemmet Humana &nbsp; Plejehjemmet Humanas i G\u00e4vle er en moderne bygning med den nyeste teknik, hvor belysningen har v\u00e6ret et vigtigt element. Det var vigtigt, at omgivelserne gav plads til trivsel, noget der skulle afspejles i b\u00e5de indretningen og belysningen. Meget af forskningen i dag peger p\u00e5 vigtigheden af, at belysningen tilpasses [&hellip;]","og_url":"https:\/\/content.wlk.eu\/dk\/plejehjemmet_humana\/","og_site_name":"Wennerstr\u00f6m Ljuskontroll","article_modified_time":"2017-09-22T08:37:59+00:00","twitter_card":"summary_large_image","twitter_misc":{"Estimeret l\u00e6setid":"3 minutter"},"schema":{"@context":"https:\/\/schema.org","@graph":[{"@type":"WebPage","@id":"https:\/\/content.wlk.eu\/dk\/plejehjemmet_humana\/","url":"https:\/\/content.wlk.eu\/dk\/plejehjemmet_humana\/","name":"Plejehjemmet Humana - Wennerstr\u00f6m Ljuskontroll","isPartOf":{"@id":"https:\/\/content.wlk.eu\/dk\/#website"},"datePublished":"2016-10-10T09:39:15+00:00","dateModified":"2017-09-22T08:37:59+00:00","breadcrumb":{"@id":"https:\/\/content.wlk.eu\/dk\/plejehjemmet_humana\/#breadcrumb"},"inLanguage":"da-DK","potentialAction":[{"@type":"ReadAction","target":["https:\/\/content.wlk.eu\/dk\/plejehjemmet_humana\/"]}]},{"@type":"BreadcrumbList","@id":"https:\/\/content.wlk.eu\/dk\/plejehjemmet_humana\/#breadcrumb","itemListElement":[{"@type":"ListItem","position":1,"name":"Hem","item":"https:\/\/content.wlk.eu\/dk\/"},{"@type":"ListItem","position":2,"name":"Plejehjemmet Humana"}]},{"@type":"WebSite","@id":"https:\/\/content.wlk.eu\/dk\/#website","url":"https:\/\/content.wlk.eu\/dk\/","name":"Wennerstr\u00f6m Ljuskontroll","description":"","potentialAction":[{"@type":"SearchAction","target":{"@type":"EntryPoint","urlTemplate":"https:\/\/content.wlk.eu\/dk\/?s={search_term_string}"},"query-input":{"@type":"PropertyValueSpecification","valueRequired":true,"valueName":"search_term_string"}}],"inLanguage":"da-DK"}]}},"_links":{"self":[{"href":"https:\/\/content.wlk.eu\/dk\/wp-json\/wp\/v2\/pages\/583","targetHints":{"allow":["GET"]}}],"collection":[{"href":"https:\/\/content.wlk.eu\/dk\/wp-json\/wp\/v2\/pages"}],"about":[{"href":"https:\/\/content.wlk.eu\/dk\/wp-json\/wp\/v2\/types\/page"}],"author":[{"embeddable":true,"href":"https:\/\/content.wlk.eu\/dk\/wp-json\/wp\/v2\/users\/2"}],"replies":[{"embeddable":true,"href":"https:\/\/content.wlk.eu\/dk\/wp-json\/wp\/v2\/comments?post=583"}],"version-history":[{"count":5,"href":"https:\/\/content.wlk.eu\/dk\/wp-json\/wp\/v2\/pages\/583\/revisions"}],"predecessor-version":[{"id":734,"href":"https:\/\/content.wlk.eu\/dk\/wp-json\/wp\/v2\/pages\/583\/revisions\/734"}],"wp:attachment":[{"href":"https:\/\/content.wlk.eu\/dk\/wp-json\/wp\/v2\/media?parent=583"}],"curies":[{"name":"wp","href":"https:\/\/api.w.org\/{rel}","templated":true}]}}

<h2>Dynamisk belysning til plejehjemmet Humana</h2>
<p>&nbsp;</p>
<p>Plejehjemmet Humanas i Gävle er en moderne bygning med den nyeste teknik, hvor belysningen har været et vigtigt element. Det var vigtigt, at omgivelserne gav plads til trivsel, noget der skulle afspejles i både indretningen og belysningen. Meget af forskningen i dag peger på vigtigheden af, at belysningen tilpasses i forhold til anvendelse og til de mennesker, der skal opholde sig der (Human Centric Lighting). Et veltilpasset beboelsesmiljø kan påvirke, hvor gammel en beboer bliver.</p>
<h3>Den fleksible og dynamiske lysløsning</h3>
<p>Plejehjemmet i Gävle er unikt i Sverige, og det er første gang, at belysning anvendes i denne udstrækning til at skabe dynamiske miljøer, hvor beboernes behov og helbred er i centrum. En dynamisk belysning forbedrer beboernes sundhed og døgnopfattelse, og trivselsfaktoren højnes. Godt og tilpasset lys, som skaber en god atmosfære, gør, at vi forbliver sundere og føler os bedre tilpas. For eksempel kan man med den rigtige belysning hjælpe personer med demens og synsproblemer. Lyset er vigtigt for stabiliseringen af vores indre rytme, hvilket gør, at man har det bedre og kan præstere mere.<br />
For Humana var det også vigtigt, at belysningen skulle være med til at skabe et miljø, som indbyder til fællesskab og en følelse af inklusion for at bryde den isolering, som mange af beboerne befandt sig i.</p>
<p>For at undgå et jævnt hvidt lys anvendes connecDIM-styresystemet, så lyset kan følge og forstærke dagslysets farver og skift. Ved hjælp af LED-moduler fra Tridonic og Welight med justerbar farvetemperatur (Tunable White) kan belysningens lys og farvetemperatur ændres i løbet af døgnet, så det følger skiftene i dagens lys udenfor og spejler døgnrytmen. Det er også muligt at rette belysningens fokus alt efter aktivitet.<br />
De vigtigste ønsker for belysningen var sikkerhed, styregrad og et dynamisk indendørslys, og desuden at alt skulle være automatisk. Nogle eksempler kunne være, at lyset automatisk tændes, når en beboer står ud af sengen om natten eller falder ud af sengen. Lyset skal også lede beboerne hen til madsalen, når det er tid til frokost eller aftensmad og derefter lede dem tilbage til lejligheden bagefter. Med et dagslysprogram mærkes ændringerne i lyset ikke, da de ikke sker på en gang, men i intervaller.<br />
I lejlighederne har sengegavlene et lys, der kan styres i løbet af dagen, men beboerne har mulighed for at slukke det. Under sengegavlene sidder der også nogle sensorer, som aktiveres mellem 21:00 og 07:00. Hvis en beboer står ud af sengen om natten, så tændes der lys i rummet, som leder ud til badeværelset. Samtidig er alle lejlighedernes sensorer tilsluttet personalets mobiltelefoner, så de kan hjælpe hvis der er behov for det.<br />
For at gøre det nemt for beboerne at ændre belysningen uden at påvirke hele ejendommens lysprogram, så er der installeret paneler og knapper fra Bticino i lejlighederne med en række forudindstillede scenarier. Der er installeret tre trykknapper med tydelige symboler. Der kan beboeren vælge imellem lysscenarierne morgen, aften og nat. Humana har beboere, der bor der i meget lang tid. Derfor kræver de en belysning med lang levetid, der er af god kvalitet, og som fører til et lavere energiforbrug. Med LED og connecDIM-styresystemet kan de nemt håndtere specifikke ønsker, og der kan fås en dataudskrift. Energiforbruget kan aflæses for hver enkelt rum og armatur.<br />
connecDIM muliggør trådløs betjening via en cloudtjeneste, så ejendommens belysning kan overvåges på afstand. Det er muligt at lave programmer, se tænd-/sluktider, sensoraktivitet m.m. Via cloudværktøjet kan man også betjene hele belysningsprogrammeringen.</p>

<p>Dynamisk belysning til plejehjemmet Humana &nbsp; Plejehjemmet Humanas i Gävle er en moderne bygning med den nyeste teknik, hvor belysningen har været et vigtigt element. Det var vigtigt, at omgivelserne gav plads til trivsel, noget der skulle afspejles i både indretningen og belysningen. Meget af forskningen i dag peger på vigtigheden af, at belysningen tilpasses [&hellip;]</p>

<!-- This site is optimized with the Yoast SEO plugin v25.3.1 - https://yoast.com/wordpress/plugins/seo/ -->
<title>Plejehjemmet Humana - Wennerström Ljuskontroll</title>
<meta name="robots" content="index, follow, max-snippet:-1, max-image-preview:large, max-video-preview:-1" />
<link rel="canonical" href="https://content.wlk.eu/dk/plejehjemmet_humana/" />
<meta property="og:locale" content="da_DK" />
<meta property="og:type" content="article" />
<meta property="og:title" content="Plejehjemmet Humana - Wennerström Ljuskontroll" />
<meta property="og:description" content="Dynamisk belysning til plejehjemmet Humana &nbsp; Plejehjemmet Humanas i Gävle er en moderne bygning med den nyeste teknik, hvor belysningen har været et vigtigt element. Det var vigtigt, at omgivelserne gav plads til trivsel, noget der skulle afspejles i både indretningen og belysningen. Meget af forskningen i dag peger på vigtigheden af, at belysningen tilpasses [&hellip;]" />
<meta property="og:url" content="https://content.wlk.eu/dk/plejehjemmet_humana/" />
<meta property="og:site_name" content="Wennerström Ljuskontroll" />
<meta property="article:modified_time" content="2017-09-22T08:37:59+00:00" />
<meta name="twitter:card" content="summary_large_image" />
<meta name="twitter:label1" content="Estimeret læsetid" />
	<meta name="twitter:data1" content="3 minutter" />
<script type="application/ld+json" class="yoast-schema-graph">{"@context":"https://schema.org","@graph":[{"@type":"WebPage","@id":"https://content.wlk.eu/dk/plejehjemmet_humana/","url":"https://content.wlk.eu/dk/plejehjemmet_humana/","name":"Plejehjemmet Humana - Wennerström Ljuskontroll","isPartOf":{"@id":"https://content.wlk.eu/dk/#website"},"datePublished":"2016-10-10T09:39:15+00:00","dateModified":"2017-09-22T08:37:59+00:00","breadcrumb":{"@id":"https://content.wlk.eu/dk/plejehjemmet_humana/#breadcrumb"},"inLanguage":"da-DK","potentialAction":[{"@type":"ReadAction","target":["https://content.wlk.eu/dk/plejehjemmet_humana/"]}]},{"@type":"BreadcrumbList","@id":"https://content.wlk.eu/dk/plejehjemmet_humana/#breadcrumb","itemListElement":[{"@type":"ListItem","position":1,"name":"Hem","item":"https://content.wlk.eu/dk/"},{"@type":"ListItem","position":2,"name":"Plejehjemmet Humana"}]},{"@type":"WebSite","@id":"https://content.wlk.eu/dk/#website","url":"https://content.wlk.eu/dk/","name":"Wennerström Ljuskontroll","description":"","potentialAction":[{"@type":"SearchAction","target":{"@type":"EntryPoint","urlTemplate":"https://content.wlk.eu/dk/?s={search_term_string}"},"query-input":{"@type":"PropertyValueSpecification","valueRequired":true,"valueName":"search_term_string"}}],"inLanguage":"da-DK"}]}</script>
<!-- / Yoast SEO plugin. -->

Plejehjemmet Humana - Wennerström Ljuskontroll

Dynamisk belysning til plejehjemmet Humana &nbsp; Plejehjemmet Humanas i Gävle er en moderne bygning med den nyeste teknik, hvor belysningen har været et vigtigt element. Det var vigtigt, at omgivelserne gav plads til trivsel, noget der skulle afspejles i både indretningen og belysningen. Meget af forskningen i dag peger på vigtigheden af, at belysningen tilpasses [&hellip;]

Wennerström Ljuskontroll
