{"id":575,"date":"2016-10-04T09:04:30","date_gmt":"2016-10-04T07:04:30","guid":{"rendered":"https:\/\/content.wlk.eu\/no\/?page_id=575"},"modified":"2017-09-22T10:46:58","modified_gmt":"2017-09-22T08:46:58","slug":"vallentunas_kulturhus_och_bibliotek","status":"publish","type":"page","link":"https:\/\/content.wlk.eu\/no\/vallentunas_kulturhus_och_bibliotek\/","title":{"rendered":"Vallentunas Kulturhus och Bibliotek"},"content":{"rendered":"<h2>Omfattende lyskontrollsystem for Vallentunas nye Kulturhus och Bibliotek<\/h2>\n<p>For over fem \u00e5r siden ble det vedtatt \u00e5 bygge et nytt og st\u00f8rre kulturhus i Vallentuna istedenfor \u00e5 renovere det gamle biblioteket. I det nye finnes et stort bibliotek, lokaler for utstillinger, teater og musikk, verksted, lesehj\u00f8rne for barn og en kaf\u00e9. Det nye kultursentrumet er et viktig trinn i utviklingen for \u00e5 forbedre byens tjenester og skape en sentral m\u00f8teplass for innbyggerne.<\/p>\n<p>Bygningen best\u00e5r av et sirkul\u00e6rt treetasjeshus med store vinduer og \u00e5pne overflater. Den har beliggenhet i byens sentrale park og er omgitt av tr\u00e6r i samme h\u00f8yde for \u00e5 forene bygningen med omgivelsene.<\/p>\n<h3>Avansert lyskontroll<\/h3>\n<p>Inne i bygningen har den visuelle effekten av belysning og dennes p\u00e5virkning p\u00e5 den almenne atmosf\u00e6ren blitt tillagt stor vekt. F\u00f8lgelig brukes en mengde armaturtyper og lyskilder, og for \u00e5 opprette sentral kontroll over den belysningen kreves det en omfattende kontrollstrategi med et avansert lyskontrollsystem.<br \/>\nI hovedtrekk styres belysningen via et DALI-nettverk ved hjelp av DALI DSI-ballast hvor armaturer styres i soner for \u00e5 minimere det totale antallet DALI-adresser i systemet. Dette gj\u00f8r ogs\u00e5 vedlikeholdet enklere n\u00e5r en ballast m\u00e5 byttes ut.<\/p>\n<p>Tridonic <a href=\"https:\/\/wlk.eu\/no\/Search?search=PCA+EXCEL+ballast\">PCA EXCEL-ballast<\/a> brukes for \u00e5 styre lysr\u00f8rsbelysningen, mens <a href=\"https:\/\/wlk.eu\/no\/Startside\/Styring\/DALI\/Dimmer___Rela\/comfortDIM_DALI_PCD_S?id=22154332\">DALI fasedimmer<\/a> benyttes for \u00e5 lysregulere halogenlamper og <a href=\"https:\/\/wlk.eu\/no\/Startside\/Styring\/DALI\/Dimmer___Rel%C3%A9\/comfortDIM_DALI_RM?id=24034702\">DALI-releer<\/a>\u00a0brukes for \u00e5 sl\u00e5 metallhalidlamper av og p\u00e5. Sentralstyring og overv\u00e5king styres via proDIM winDOM@net-systemet hvor alle DALI-kretser er koblet til et IP-basert nettverk.<\/p>\n<h3>Dagslyskompensasjon og styring p\u00e5 flere niv\u00e5er<\/h3>\n<p>proDIM winDIM@net-systemet garanterer at alle lyskilder automatisk stilles inn for kveldsscener eller velkomstscener, og det brukes for \u00e5 konfigurere dagslyskompensasjon for ulike armaturer i de \u00e5pne flatene basert p\u00e5 signalene fra et antall proDIM-dagslyssensorer i bygningen. I kontor- og konferanserom styres belysningen manuelt med bryter i kombinasjon med DALI M-sensorer for dagslyskompensasjon og for \u00e5 slukke belysningen ved frav\u00e6r. Dessuten gir proDIM winDIM@net en sentral oversikt over belysningen for \u00e5 overv\u00e5ke lampens tilstand og presentere data om energiforbruket og feilmeldinger.<br \/>\nParallelt med den sentrale belysningsstyringen skulle det finnes en mulighet til \u00e5 styre belysningen i hver etasje uavhengig av hverandre. Dette er blitt oppn\u00e5dd ved bruk av et\u00a0<a href=\"https:\/\/wlk.eu\/no\/comfortDIM_DALI_x-touchPANEL?id=24138990\">x-touchPANEL<\/a> i hver etasje. Disse er konfigurert slik at personalet kan velge en forh\u00e5ndsinnstilt scene, starte en lokal belysningssekvens eller manuelt lysregulere belysningen.<\/p>\n<p>Til sammen er det brukt over 800 Tridonic-produkter for \u00e5 gi Vallentunas Kulturhus och Bibliotek en dynamisk og allsidig belysning som kan svare p\u00e5 og forsterke de ulike aktivitetene som finner sted i bygningen. Denne overordnede strategien for lyskontroll reduserer ogs\u00e5 energiforbruket og milj\u00f8p\u00e5virkningen gjennom dagslysstyring og tilstedev\u00e6relseskontroll. Dessuten minimeres vedlikeholdet gjennom den sentrale kontrollen slik at personalet ikke trenger \u00e5 patruljere bygningen for \u00e5 inspisere systemet. proDIM winDIM@net-systemet passer p\u00e5 at alt dette enkelt styres fra \u00e9n sentral plassering.<\/p>\n","protected":false},"excerpt":{"rendered":"<p>Omfattende lyskontrollsystem for Vallentunas nye Kulturhus och Bibliotek For over fem \u00e5r siden ble det vedtatt \u00e5 bygge et nytt og st\u00f8rre kulturhus i Vallentuna istedenfor \u00e5 renovere det gamle biblioteket. I det nye finnes et stort bibliotek, lokaler for utstillinger, teater og musikk, verksted, lesehj\u00f8rne for barn og en kaf\u00e9. Det nye kultursentrumet er [&hellip;]<\/p>\n","protected":false},"author":2,"featured_media":0,"parent":0,"menu_order":0,"comment_status":"closed","ping_status":"closed","template":"template-referensprojekt.php","meta":{"_acf_changed":false,"footnotes":""},"class_list":["post-575","page","type-page","status-publish","hentry"],"acf":[],"yoast_head":"<!-- This site is optimized with the Yoast SEO plugin v25.3.1 - https:\/\/yoast.com\/wordpress\/plugins\/seo\/ -->\n<title>Vallentunas Kulturhus och Bibliotek - Wennerstr\u00f6m Ljuskontroll<\/title>\n<meta name=\"robots\" content=\"index, follow, max-snippet:-1, max-image-preview:large, max-video-preview:-1\" \/>\n<link rel=\"canonical\" href=\"https:\/\/content.wlk.eu\/no\/vallentunas_kulturhus_och_bibliotek\/\" \/>\n<meta property=\"og:locale\" content=\"nn_NO\" \/>\n<meta property=\"og:type\" content=\"article\" \/>\n<meta property=\"og:title\" content=\"Vallentunas Kulturhus och Bibliotek - Wennerstr\u00f6m Ljuskontroll\" \/>\n<meta property=\"og:description\" content=\"Omfattende lyskontrollsystem for Vallentunas nye Kulturhus och Bibliotek For over fem \u00e5r siden ble det vedtatt \u00e5 bygge et nytt og st\u00f8rre kulturhus i Vallentuna istedenfor \u00e5 renovere det gamle biblioteket. I det nye finnes et stort bibliotek, lokaler for utstillinger, teater og musikk, verksted, lesehj\u00f8rne for barn og en kaf\u00e9. Det nye kultursentrumet er [&hellip;]\" \/>\n<meta property=\"og:url\" content=\"https:\/\/content.wlk.eu\/no\/vallentunas_kulturhus_och_bibliotek\/\" \/>\n<meta property=\"og:site_name\" content=\"Wennerstr\u00f6m Ljuskontroll\" \/>\n<meta property=\"article:modified_time\" content=\"2017-09-22T08:46:58+00:00\" \/>\n<meta name=\"twitter:card\" content=\"summary_large_image\" \/>\n<meta name=\"twitter:label1\" content=\"Est. reading time\" \/>\n\t<meta name=\"twitter:data1\" content=\"2 minutt\" \/>\n<script type=\"application\/ld+json\" class=\"yoast-schema-graph\">{\"@context\":\"https:\/\/schema.org\",\"@graph\":[{\"@type\":\"WebPage\",\"@id\":\"https:\/\/content.wlk.eu\/no\/vallentunas_kulturhus_och_bibliotek\/\",\"url\":\"https:\/\/content.wlk.eu\/no\/vallentunas_kulturhus_och_bibliotek\/\",\"name\":\"Vallentunas Kulturhus och Bibliotek - Wennerstr\u00f6m Ljuskontroll\",\"isPartOf\":{\"@id\":\"https:\/\/content.wlk.eu\/no\/#website\"},\"datePublished\":\"2016-10-04T07:04:30+00:00\",\"dateModified\":\"2017-09-22T08:46:58+00:00\",\"breadcrumb\":{\"@id\":\"https:\/\/content.wlk.eu\/no\/vallentunas_kulturhus_och_bibliotek\/#breadcrumb\"},\"inLanguage\":\"nn-NO\",\"potentialAction\":[{\"@type\":\"ReadAction\",\"target\":[\"https:\/\/content.wlk.eu\/no\/vallentunas_kulturhus_och_bibliotek\/\"]}]},{\"@type\":\"BreadcrumbList\",\"@id\":\"https:\/\/content.wlk.eu\/no\/vallentunas_kulturhus_och_bibliotek\/#breadcrumb\",\"itemListElement\":[{\"@type\":\"ListItem\",\"position\":1,\"name\":\"Hem\",\"item\":\"https:\/\/content.wlk.eu\/no\/\"},{\"@type\":\"ListItem\",\"position\":2,\"name\":\"Vallentunas Kulturhus och Bibliotek\"}]},{\"@type\":\"WebSite\",\"@id\":\"https:\/\/content.wlk.eu\/no\/#website\",\"url\":\"https:\/\/content.wlk.eu\/no\/\",\"name\":\"Wennerstr\u00f6m Ljuskontroll\",\"description\":\"\",\"potentialAction\":[{\"@type\":\"SearchAction\",\"target\":{\"@type\":\"EntryPoint\",\"urlTemplate\":\"https:\/\/content.wlk.eu\/no\/?s={search_term_string}\"},\"query-input\":{\"@type\":\"PropertyValueSpecification\",\"valueRequired\":true,\"valueName\":\"search_term_string\"}}],\"inLanguage\":\"nn-NO\"}]}<\/script>\n<!-- \/ Yoast SEO plugin. -->","yoast_head_json":{"title":"Vallentunas Kulturhus och Bibliotek - Wennerstr\u00f6m Ljuskontroll","robots":{"index":"index","follow":"follow","max-snippet":"max-snippet:-1","max-image-preview":"max-image-preview:large","max-video-preview":"max-video-preview:-1"},"canonical":"https:\/\/content.wlk.eu\/no\/vallentunas_kulturhus_och_bibliotek\/","og_locale":"nn_NO","og_type":"article","og_title":"Vallentunas Kulturhus och Bibliotek - Wennerstr\u00f6m Ljuskontroll","og_description":"Omfattende lyskontrollsystem for Vallentunas nye Kulturhus och Bibliotek For over fem \u00e5r siden ble det vedtatt \u00e5 bygge et nytt og st\u00f8rre kulturhus i Vallentuna istedenfor \u00e5 renovere det gamle biblioteket. I det nye finnes et stort bibliotek, lokaler for utstillinger, teater og musikk, verksted, lesehj\u00f8rne for barn og en kaf\u00e9. Det nye kultursentrumet er [&hellip;]","og_url":"https:\/\/content.wlk.eu\/no\/vallentunas_kulturhus_och_bibliotek\/","og_site_name":"Wennerstr\u00f6m Ljuskontroll","article_modified_time":"2017-09-22T08:46:58+00:00","twitter_card":"summary_large_image","twitter_misc":{"Est. reading time":"2 minutt"},"schema":{"@context":"https:\/\/schema.org","@graph":[{"@type":"WebPage","@id":"https:\/\/content.wlk.eu\/no\/vallentunas_kulturhus_och_bibliotek\/","url":"https:\/\/content.wlk.eu\/no\/vallentunas_kulturhus_och_bibliotek\/","name":"Vallentunas Kulturhus och Bibliotek - Wennerstr\u00f6m Ljuskontroll","isPartOf":{"@id":"https:\/\/content.wlk.eu\/no\/#website"},"datePublished":"2016-10-04T07:04:30+00:00","dateModified":"2017-09-22T08:46:58+00:00","breadcrumb":{"@id":"https:\/\/content.wlk.eu\/no\/vallentunas_kulturhus_och_bibliotek\/#breadcrumb"},"inLanguage":"nn-NO","potentialAction":[{"@type":"ReadAction","target":["https:\/\/content.wlk.eu\/no\/vallentunas_kulturhus_och_bibliotek\/"]}]},{"@type":"BreadcrumbList","@id":"https:\/\/content.wlk.eu\/no\/vallentunas_kulturhus_och_bibliotek\/#breadcrumb","itemListElement":[{"@type":"ListItem","position":1,"name":"Hem","item":"https:\/\/content.wlk.eu\/no\/"},{"@type":"ListItem","position":2,"name":"Vallentunas Kulturhus och Bibliotek"}]},{"@type":"WebSite","@id":"https:\/\/content.wlk.eu\/no\/#website","url":"https:\/\/content.wlk.eu\/no\/","name":"Wennerstr\u00f6m Ljuskontroll","description":"","potentialAction":[{"@type":"SearchAction","target":{"@type":"EntryPoint","urlTemplate":"https:\/\/content.wlk.eu\/no\/?s={search_term_string}"},"query-input":{"@type":"PropertyValueSpecification","valueRequired":true,"valueName":"search_term_string"}}],"inLanguage":"nn-NO"}]}},"_links":{"self":[{"href":"https:\/\/content.wlk.eu\/no\/wp-json\/wp\/v2\/pages\/575","targetHints":{"allow":["GET"]}}],"collection":[{"href":"https:\/\/content.wlk.eu\/no\/wp-json\/wp\/v2\/pages"}],"about":[{"href":"https:\/\/content.wlk.eu\/no\/wp-json\/wp\/v2\/types\/page"}],"author":[{"embeddable":true,"href":"https:\/\/content.wlk.eu\/no\/wp-json\/wp\/v2\/users\/2"}],"replies":[{"embeddable":true,"href":"https:\/\/content.wlk.eu\/no\/wp-json\/wp\/v2\/comments?post=575"}],"version-history":[{"count":2,"href":"https:\/\/content.wlk.eu\/no\/wp-json\/wp\/v2\/pages\/575\/revisions"}],"predecessor-version":[{"id":742,"href":"https:\/\/content.wlk.eu\/no\/wp-json\/wp\/v2\/pages\/575\/revisions\/742"}],"wp:attachment":[{"href":"https:\/\/content.wlk.eu\/no\/wp-json\/wp\/v2\/media?parent=575"}],"curies":[{"name":"wp","href":"https:\/\/api.w.org\/{rel}","templated":true}]}}

<h2>Omfattende lyskontrollsystem for Vallentunas nye Kulturhus och Bibliotek</h2>
<p>For over fem år siden ble det vedtatt å bygge et nytt og større kulturhus i Vallentuna istedenfor å renovere det gamle biblioteket. I det nye finnes et stort bibliotek, lokaler for utstillinger, teater og musikk, verksted, lesehjørne for barn og en kafé. Det nye kultursentrumet er et viktig trinn i utviklingen for å forbedre byens tjenester og skape en sentral møteplass for innbyggerne.</p>
<p>Bygningen består av et sirkulært treetasjeshus med store vinduer og åpne overflater. Den har beliggenhet i byens sentrale park og er omgitt av trær i samme høyde for å forene bygningen med omgivelsene.</p>
<h3>Avansert lyskontroll</h3>
<p>Inne i bygningen har den visuelle effekten av belysning og dennes påvirkning på den almenne atmosfæren blitt tillagt stor vekt. Følgelig brukes en mengde armaturtyper og lyskilder, og for å opprette sentral kontroll over den belysningen kreves det en omfattende kontrollstrategi med et avansert lyskontrollsystem.<br />
I hovedtrekk styres belysningen via et DALI-nettverk ved hjelp av DALI DSI-ballast hvor armaturer styres i soner for å minimere det totale antallet DALI-adresser i systemet. Dette gjør også vedlikeholdet enklere når en ballast må byttes ut.</p>
<p>Tridonic <a href="https://wlk.eu/no/Search?search=PCA+EXCEL+ballast">PCA EXCEL-ballast</a> brukes for å styre lysrørsbelysningen, mens <a href="https://wlk.eu/no/Startside/Styring/DALI/Dimmer___Rela/comfortDIM_DALI_PCD_S?id=22154332">DALI fasedimmer</a> benyttes for å lysregulere halogenlamper og <a href="https://wlk.eu/no/Startside/Styring/DALI/Dimmer___Rel%C3%A9/comfortDIM_DALI_RM?id=24034702">DALI-releer</a> brukes for å slå metallhalidlamper av og på. Sentralstyring og overvåking styres via proDIM winDOM@net-systemet hvor alle DALI-kretser er koblet til et IP-basert nettverk.</p>
<h3>Dagslyskompensasjon og styring på flere nivåer</h3>
<p>proDIM winDIM@net-systemet garanterer at alle lyskilder automatisk stilles inn for kveldsscener eller velkomstscener, og det brukes for å konfigurere dagslyskompensasjon for ulike armaturer i de åpne flatene basert på signalene fra et antall proDIM-dagslyssensorer i bygningen. I kontor- og konferanserom styres belysningen manuelt med bryter i kombinasjon med DALI M-sensorer for dagslyskompensasjon og for å slukke belysningen ved fravær. Dessuten gir proDIM winDIM@net en sentral oversikt over belysningen for å overvåke lampens tilstand og presentere data om energiforbruket og feilmeldinger.<br />
Parallelt med den sentrale belysningsstyringen skulle det finnes en mulighet til å styre belysningen i hver etasje uavhengig av hverandre. Dette er blitt oppnådd ved bruk av et <a href="https://wlk.eu/no/comfortDIM_DALI_x-touchPANEL?id=24138990">x-touchPANEL</a> i hver etasje. Disse er konfigurert slik at personalet kan velge en forhåndsinnstilt scene, starte en lokal belysningssekvens eller manuelt lysregulere belysningen.</p>
<p>Til sammen er det brukt over 800 Tridonic-produkter for å gi Vallentunas Kulturhus och Bibliotek en dynamisk og allsidig belysning som kan svare på og forsterke de ulike aktivitetene som finner sted i bygningen. Denne overordnede strategien for lyskontroll reduserer også energiforbruket og miljøpåvirkningen gjennom dagslysstyring og tilstedeværelseskontroll. Dessuten minimeres vedlikeholdet gjennom den sentrale kontrollen slik at personalet ikke trenger å patruljere bygningen for å inspisere systemet. proDIM winDIM@net-systemet passer på at alt dette enkelt styres fra én sentral plassering.</p>

<p>Omfattende lyskontrollsystem for Vallentunas nye Kulturhus och Bibliotek For over fem år siden ble det vedtatt å bygge et nytt og større kulturhus i Vallentuna istedenfor å renovere det gamle biblioteket. I det nye finnes et stort bibliotek, lokaler for utstillinger, teater og musikk, verksted, lesehjørne for barn og en kafé. Det nye kultursentrumet er [&hellip;]</p>

<!-- This site is optimized with the Yoast SEO plugin v25.3.1 - https://yoast.com/wordpress/plugins/seo/ -->
<title>Vallentunas Kulturhus och Bibliotek - Wennerström Ljuskontroll</title>
<meta name="robots" content="index, follow, max-snippet:-1, max-image-preview:large, max-video-preview:-1" />
<link rel="canonical" href="https://content.wlk.eu/no/vallentunas_kulturhus_och_bibliotek/" />
<meta property="og:locale" content="nn_NO" />
<meta property="og:type" content="article" />
<meta property="og:title" content="Vallentunas Kulturhus och Bibliotek - Wennerström Ljuskontroll" />
<meta property="og:description" content="Omfattende lyskontrollsystem for Vallentunas nye Kulturhus och Bibliotek For over fem år siden ble det vedtatt å bygge et nytt og større kulturhus i Vallentuna istedenfor å renovere det gamle biblioteket. I det nye finnes et stort bibliotek, lokaler for utstillinger, teater og musikk, verksted, lesehjørne for barn og en kafé. Det nye kultursentrumet er [&hellip;]" />
<meta property="og:url" content="https://content.wlk.eu/no/vallentunas_kulturhus_och_bibliotek/" />
<meta property="og:site_name" content="Wennerström Ljuskontroll" />
<meta property="article:modified_time" content="2017-09-22T08:46:58+00:00" />
<meta name="twitter:card" content="summary_large_image" />
<meta name="twitter:label1" content="Est. reading time" />
	<meta name="twitter:data1" content="2 minutt" />
<script type="application/ld+json" class="yoast-schema-graph">{"@context":"https://schema.org","@graph":[{"@type":"WebPage","@id":"https://content.wlk.eu/no/vallentunas_kulturhus_och_bibliotek/","url":"https://content.wlk.eu/no/vallentunas_kulturhus_och_bibliotek/","name":"Vallentunas Kulturhus och Bibliotek - Wennerström Ljuskontroll","isPartOf":{"@id":"https://content.wlk.eu/no/#website"},"datePublished":"2016-10-04T07:04:30+00:00","dateModified":"2017-09-22T08:46:58+00:00","breadcrumb":{"@id":"https://content.wlk.eu/no/vallentunas_kulturhus_och_bibliotek/#breadcrumb"},"inLanguage":"nn-NO","potentialAction":[{"@type":"ReadAction","target":["https://content.wlk.eu/no/vallentunas_kulturhus_och_bibliotek/"]}]},{"@type":"BreadcrumbList","@id":"https://content.wlk.eu/no/vallentunas_kulturhus_och_bibliotek/#breadcrumb","itemListElement":[{"@type":"ListItem","position":1,"name":"Hem","item":"https://content.wlk.eu/no/"},{"@type":"ListItem","position":2,"name":"Vallentunas Kulturhus och Bibliotek"}]},{"@type":"WebSite","@id":"https://content.wlk.eu/no/#website","url":"https://content.wlk.eu/no/","name":"Wennerström Ljuskontroll","description":"","potentialAction":[{"@type":"SearchAction","target":{"@type":"EntryPoint","urlTemplate":"https://content.wlk.eu/no/?s={search_term_string}"},"query-input":{"@type":"PropertyValueSpecification","valueRequired":true,"valueName":"search_term_string"}}],"inLanguage":"nn-NO"}]}</script>
<!-- / Yoast SEO plugin. -->

Vallentunas Kulturhus och Bibliotek - Wennerström Ljuskontroll

Omfattende lyskontrollsystem for Vallentunas nye Kulturhus och Bibliotek For over fem år siden ble det vedtatt å bygge et nytt og større kulturhus i Vallentuna istedenfor å renovere det gamle biblioteket. I det nye finnes et stort bibliotek, lokaler for utstillinger, teater og musikk, verksted, lesehjørne for barn og en kafé. Det nye kultursentrumet er [&hellip;]

Wennerström Ljuskontroll
