{"id":591,"date":"2016-10-04T09:28:01","date_gmt":"2016-10-04T07:28:01","guid":{"rendered":"https:\/\/content.wlk.eu\/no\/?page_id=591"},"modified":"2017-09-22T10:48:32","modified_gmt":"2017-09-22T08:48:32","slug":"patent_och_registreringsverket","status":"publish","type":"page","link":"https:\/\/content.wlk.eu\/no\/patent_och_registreringsverket\/","title":{"rendered":"Patent och registreringsverket"},"content":{"rendered":"<h2>Nye, levende felleslokaler for personalet p\u00e5 Patent och registreringsverket<\/h2>\n<p>Da Patent och registreringsverket trengte flere lokaler til personalet, bestemte man seg for \u00e5 bygge om arkivet p\u00e5 loftet til et trivelig lunsj- og m\u00f8telokale. Med moderne belysning og innovative l\u00f8sninger ble det skapt et innbydende milj\u00f8 med kunstig belysning.<\/p>\n<h3><strong>Fra m\u00f8rkt arkivrom til et trivelig milj\u00f8 for personalet<\/strong><\/h3>\n<p>Et arkiv uten vinduer i Patent och registreringsverket (PRV) i Stockholm har blitt omgjort ved hjelp av TALEXX LED-lys, <a href=\"https:\/\/wlk.eu\/no\/comfortDIM_DALI_x-touchPANEL?id=24138990\">DALI x-touchPANEL<\/a> og et antall ulike DALI-ballaster fra Tridonic. M\u00e5let med prosjektet var \u00e5 skape et trivelig og komfortabelt milj\u00f8 for personalet for lunsj, kaffepauser og som et felles m\u00f8terom. Da det ikke lenger var bruk for arkivet p\u00e5 loftet, bestemte man seg for \u00e5 pusse det opp og montere takvinduer. Imidlertid er bygningen K-merket, s\u00e5 man fikk ikke tillatelse til \u00e5 sette inn takvinduer. Som et alternativ begynte da arkitekt Ulla Bladh i Tema Arkitekter &amp; Inredning \u00e5 jobbe med lysinstallasjon med Jonas Lindahl p\u00e5 Ljusrum for \u00e5 skape et kunstig dagslys.<\/p>\n<p>En f\u00f8lelse av dagslys skapes ved \u00e5 bruke DALI-styrte lysr\u00f8rarmaturer som er utstyrt med de digitalt dimbare ballastene\u00a0<a href=\"https:\/\/wlk.eu\/no\/Search?search=PCA+EXCEL+one4all\">PCA EXCEL one4all<\/a>. Armaturene er utstyrt med ulike fargetemperaturer p\u00e5 lysr\u00f8rene, fra 2700K til 6500K. Disse lysreguleres i henhold til en gitt sekvens for \u00e5 simulere endringene i dagslyset i l\u00f8pet av en dag. Sekvensen kan enkelt justeres eller overstyres med x-touchPanel hvis man vil bruke andre lysscener for spesielle hendelser, f.eks. Lucia, jul eller p\u00e5skelys. Antallet DALI-adresser reduseres enkelt ved \u00e5 bruke\u00a0<a href=\"https:\/\/wlk.eu\/no\/comfortDIM_DALI_DSI_ll_u?id=86458691\">DALI DSI II<\/a>\u00a0-signalomformere.<\/p>\n<p>Som komplement til den dynamiske fargetemperaturen brukes et antall armaturer med fast lys utstyrt med PC Pro-ballast. Det finnes ogs\u00e5 en omfattende effektbelysning\u00a0med <a href=\"https:\/\/wlk.eu\/no\/Startside\/LED-lyskilder\/Line%C3%A6r\/Fleksibel_LEDtape\/LEDtape_RGB_900_18W_24VDC_business?id=W1002-5050072RGB24\">RGB LED<\/a>-moduler\u00a0som belyser pilarene i rommet med hvitt og farget lys. Valget gj\u00f8res enkelt via ytterligere et x-touchPANEL som styrer det fargede lyset RGBW. Dessuten brukes det innfelte armaturer i taket med 12 V halogen som kan dimmes digitalt med elektroniske transformatorer TE one4all.<\/p>\n<p>Tridonics produkter er brukt for \u00e5 skape et interessant og tiltalende belysningssystem som oppfyller PRV\u2019s id\u00e9er og krav p\u00e5 en god m\u00e5te. Lokalet er blitt d\u00f8pt om til Visionen.<\/p>\n","protected":false},"excerpt":{"rendered":"<p>Nye, levende felleslokaler for personalet p\u00e5 Patent och registreringsverket Da Patent och registreringsverket trengte flere lokaler til personalet, bestemte man seg for \u00e5 bygge om arkivet p\u00e5 loftet til et trivelig lunsj- og m\u00f8telokale. Med moderne belysning og innovative l\u00f8sninger ble det skapt et innbydende milj\u00f8 med kunstig belysning. Fra m\u00f8rkt arkivrom til et trivelig [&hellip;]<\/p>\n","protected":false},"author":2,"featured_media":0,"parent":0,"menu_order":0,"comment_status":"closed","ping_status":"closed","template":"template-referensprojekt.php","meta":{"_acf_changed":false,"footnotes":""},"class_list":["post-591","page","type-page","status-publish","hentry"],"acf":[],"yoast_head":"<!-- This site is optimized with the Yoast SEO plugin v25.3.1 - https:\/\/yoast.com\/wordpress\/plugins\/seo\/ -->\n<title>Patent och registreringsverket - Wennerstr\u00f6m Ljuskontroll<\/title>\n<meta name=\"robots\" content=\"index, follow, max-snippet:-1, max-image-preview:large, max-video-preview:-1\" \/>\n<link rel=\"canonical\" href=\"https:\/\/content.wlk.eu\/no\/patent_och_registreringsverket\/\" \/>\n<meta property=\"og:locale\" content=\"nn_NO\" \/>\n<meta property=\"og:type\" content=\"article\" \/>\n<meta property=\"og:title\" content=\"Patent och registreringsverket - Wennerstr\u00f6m Ljuskontroll\" \/>\n<meta property=\"og:description\" content=\"Nye, levende felleslokaler for personalet p\u00e5 Patent och registreringsverket Da Patent och registreringsverket trengte flere lokaler til personalet, bestemte man seg for \u00e5 bygge om arkivet p\u00e5 loftet til et trivelig lunsj- og m\u00f8telokale. Med moderne belysning og innovative l\u00f8sninger ble det skapt et innbydende milj\u00f8 med kunstig belysning. Fra m\u00f8rkt arkivrom til et trivelig [&hellip;]\" \/>\n<meta property=\"og:url\" content=\"https:\/\/content.wlk.eu\/no\/patent_och_registreringsverket\/\" \/>\n<meta property=\"og:site_name\" content=\"Wennerstr\u00f6m Ljuskontroll\" \/>\n<meta property=\"article:modified_time\" content=\"2017-09-22T08:48:32+00:00\" \/>\n<meta name=\"twitter:card\" content=\"summary_large_image\" \/>\n<meta name=\"twitter:label1\" content=\"Est. reading time\" \/>\n\t<meta name=\"twitter:data1\" content=\"2 minutt\" \/>\n<script type=\"application\/ld+json\" class=\"yoast-schema-graph\">{\"@context\":\"https:\/\/schema.org\",\"@graph\":[{\"@type\":\"WebPage\",\"@id\":\"https:\/\/content.wlk.eu\/no\/patent_och_registreringsverket\/\",\"url\":\"https:\/\/content.wlk.eu\/no\/patent_och_registreringsverket\/\",\"name\":\"Patent och registreringsverket - Wennerstr\u00f6m Ljuskontroll\",\"isPartOf\":{\"@id\":\"https:\/\/content.wlk.eu\/no\/#website\"},\"datePublished\":\"2016-10-04T07:28:01+00:00\",\"dateModified\":\"2017-09-22T08:48:32+00:00\",\"breadcrumb\":{\"@id\":\"https:\/\/content.wlk.eu\/no\/patent_och_registreringsverket\/#breadcrumb\"},\"inLanguage\":\"nn-NO\",\"potentialAction\":[{\"@type\":\"ReadAction\",\"target\":[\"https:\/\/content.wlk.eu\/no\/patent_och_registreringsverket\/\"]}]},{\"@type\":\"BreadcrumbList\",\"@id\":\"https:\/\/content.wlk.eu\/no\/patent_och_registreringsverket\/#breadcrumb\",\"itemListElement\":[{\"@type\":\"ListItem\",\"position\":1,\"name\":\"Hem\",\"item\":\"https:\/\/content.wlk.eu\/no\/\"},{\"@type\":\"ListItem\",\"position\":2,\"name\":\"Patent och registreringsverket\"}]},{\"@type\":\"WebSite\",\"@id\":\"https:\/\/content.wlk.eu\/no\/#website\",\"url\":\"https:\/\/content.wlk.eu\/no\/\",\"name\":\"Wennerstr\u00f6m Ljuskontroll\",\"description\":\"\",\"potentialAction\":[{\"@type\":\"SearchAction\",\"target\":{\"@type\":\"EntryPoint\",\"urlTemplate\":\"https:\/\/content.wlk.eu\/no\/?s={search_term_string}\"},\"query-input\":{\"@type\":\"PropertyValueSpecification\",\"valueRequired\":true,\"valueName\":\"search_term_string\"}}],\"inLanguage\":\"nn-NO\"}]}<\/script>\n<!-- \/ Yoast SEO plugin. -->","yoast_head_json":{"title":"Patent och registreringsverket - Wennerstr\u00f6m Ljuskontroll","robots":{"index":"index","follow":"follow","max-snippet":"max-snippet:-1","max-image-preview":"max-image-preview:large","max-video-preview":"max-video-preview:-1"},"canonical":"https:\/\/content.wlk.eu\/no\/patent_och_registreringsverket\/","og_locale":"nn_NO","og_type":"article","og_title":"Patent och registreringsverket - Wennerstr\u00f6m Ljuskontroll","og_description":"Nye, levende felleslokaler for personalet p\u00e5 Patent och registreringsverket Da Patent och registreringsverket trengte flere lokaler til personalet, bestemte man seg for \u00e5 bygge om arkivet p\u00e5 loftet til et trivelig lunsj- og m\u00f8telokale. Med moderne belysning og innovative l\u00f8sninger ble det skapt et innbydende milj\u00f8 med kunstig belysning. Fra m\u00f8rkt arkivrom til et trivelig [&hellip;]","og_url":"https:\/\/content.wlk.eu\/no\/patent_och_registreringsverket\/","og_site_name":"Wennerstr\u00f6m Ljuskontroll","article_modified_time":"2017-09-22T08:48:32+00:00","twitter_card":"summary_large_image","twitter_misc":{"Est. reading time":"2 minutt"},"schema":{"@context":"https:\/\/schema.org","@graph":[{"@type":"WebPage","@id":"https:\/\/content.wlk.eu\/no\/patent_och_registreringsverket\/","url":"https:\/\/content.wlk.eu\/no\/patent_och_registreringsverket\/","name":"Patent och registreringsverket - Wennerstr\u00f6m Ljuskontroll","isPartOf":{"@id":"https:\/\/content.wlk.eu\/no\/#website"},"datePublished":"2016-10-04T07:28:01+00:00","dateModified":"2017-09-22T08:48:32+00:00","breadcrumb":{"@id":"https:\/\/content.wlk.eu\/no\/patent_och_registreringsverket\/#breadcrumb"},"inLanguage":"nn-NO","potentialAction":[{"@type":"ReadAction","target":["https:\/\/content.wlk.eu\/no\/patent_och_registreringsverket\/"]}]},{"@type":"BreadcrumbList","@id":"https:\/\/content.wlk.eu\/no\/patent_och_registreringsverket\/#breadcrumb","itemListElement":[{"@type":"ListItem","position":1,"name":"Hem","item":"https:\/\/content.wlk.eu\/no\/"},{"@type":"ListItem","position":2,"name":"Patent och registreringsverket"}]},{"@type":"WebSite","@id":"https:\/\/content.wlk.eu\/no\/#website","url":"https:\/\/content.wlk.eu\/no\/","name":"Wennerstr\u00f6m Ljuskontroll","description":"","potentialAction":[{"@type":"SearchAction","target":{"@type":"EntryPoint","urlTemplate":"https:\/\/content.wlk.eu\/no\/?s={search_term_string}"},"query-input":{"@type":"PropertyValueSpecification","valueRequired":true,"valueName":"search_term_string"}}],"inLanguage":"nn-NO"}]}},"_links":{"self":[{"href":"https:\/\/content.wlk.eu\/no\/wp-json\/wp\/v2\/pages\/591","targetHints":{"allow":["GET"]}}],"collection":[{"href":"https:\/\/content.wlk.eu\/no\/wp-json\/wp\/v2\/pages"}],"about":[{"href":"https:\/\/content.wlk.eu\/no\/wp-json\/wp\/v2\/types\/page"}],"author":[{"embeddable":true,"href":"https:\/\/content.wlk.eu\/no\/wp-json\/wp\/v2\/users\/2"}],"replies":[{"embeddable":true,"href":"https:\/\/content.wlk.eu\/no\/wp-json\/wp\/v2\/comments?post=591"}],"version-history":[{"count":4,"href":"https:\/\/content.wlk.eu\/no\/wp-json\/wp\/v2\/pages\/591\/revisions"}],"predecessor-version":[{"id":743,"href":"https:\/\/content.wlk.eu\/no\/wp-json\/wp\/v2\/pages\/591\/revisions\/743"}],"wp:attachment":[{"href":"https:\/\/content.wlk.eu\/no\/wp-json\/wp\/v2\/media?parent=591"}],"curies":[{"name":"wp","href":"https:\/\/api.w.org\/{rel}","templated":true}]}}

<h2>Nye, levende felleslokaler for personalet på Patent och registreringsverket</h2>
<p>Da Patent och registreringsverket trengte flere lokaler til personalet, bestemte man seg for å bygge om arkivet på loftet til et trivelig lunsj- og møtelokale. Med moderne belysning og innovative løsninger ble det skapt et innbydende miljø med kunstig belysning.</p>
<h3><strong>Fra mørkt arkivrom til et trivelig miljø for personalet</strong></h3>
<p>Et arkiv uten vinduer i Patent och registreringsverket (PRV) i Stockholm har blitt omgjort ved hjelp av TALEXX LED-lys, <a href="https://wlk.eu/no/comfortDIM_DALI_x-touchPANEL?id=24138990">DALI x-touchPANEL</a> og et antall ulike DALI-ballaster fra Tridonic. Målet med prosjektet var å skape et trivelig og komfortabelt miljø for personalet for lunsj, kaffepauser og som et felles møterom. Da det ikke lenger var bruk for arkivet på loftet, bestemte man seg for å pusse det opp og montere takvinduer. Imidlertid er bygningen K-merket, så man fikk ikke tillatelse til å sette inn takvinduer. Som et alternativ begynte da arkitekt Ulla Bladh i Tema Arkitekter &amp; Inredning å jobbe med lysinstallasjon med Jonas Lindahl på Ljusrum for å skape et kunstig dagslys.</p>
<p>En følelse av dagslys skapes ved å bruke DALI-styrte lysrørarmaturer som er utstyrt med de digitalt dimbare ballastene <a href="https://wlk.eu/no/Search?search=PCA+EXCEL+one4all">PCA EXCEL one4all</a>. Armaturene er utstyrt med ulike fargetemperaturer på lysrørene, fra 2700K til 6500K. Disse lysreguleres i henhold til en gitt sekvens for å simulere endringene i dagslyset i løpet av en dag. Sekvensen kan enkelt justeres eller overstyres med x-touchPanel hvis man vil bruke andre lysscener for spesielle hendelser, f.eks. Lucia, jul eller påskelys. Antallet DALI-adresser reduseres enkelt ved å bruke <a href="https://wlk.eu/no/comfortDIM_DALI_DSI_ll_u?id=86458691">DALI DSI II</a> -signalomformere.</p>
<p>Som komplement til den dynamiske fargetemperaturen brukes et antall armaturer med fast lys utstyrt med PC Pro-ballast. Det finnes også en omfattende effektbelysning med <a href="https://wlk.eu/no/Startside/LED-lyskilder/Line%C3%A6r/Fleksibel_LEDtape/LEDtape_RGB_900_18W_24VDC_business?id=W1002-5050072RGB24">RGB LED</a>-moduler som belyser pilarene i rommet med hvitt og farget lys. Valget gjøres enkelt via ytterligere et x-touchPANEL som styrer det fargede lyset RGBW. Dessuten brukes det innfelte armaturer i taket med 12 V halogen som kan dimmes digitalt med elektroniske transformatorer TE one4all.</p>
<p>Tridonics produkter er brukt for å skape et interessant og tiltalende belysningssystem som oppfyller PRV’s idéer og krav på en god måte. Lokalet er blitt døpt om til Visionen.</p>

<p>Nye, levende felleslokaler for personalet på Patent och registreringsverket Da Patent och registreringsverket trengte flere lokaler til personalet, bestemte man seg for å bygge om arkivet på loftet til et trivelig lunsj- og møtelokale. Med moderne belysning og innovative løsninger ble det skapt et innbydende miljø med kunstig belysning. Fra mørkt arkivrom til et trivelig [&hellip;]</p>

<!-- This site is optimized with the Yoast SEO plugin v25.3.1 - https://yoast.com/wordpress/plugins/seo/ -->
<title>Patent och registreringsverket - Wennerström Ljuskontroll</title>
<meta name="robots" content="index, follow, max-snippet:-1, max-image-preview:large, max-video-preview:-1" />
<link rel="canonical" href="https://content.wlk.eu/no/patent_och_registreringsverket/" />
<meta property="og:locale" content="nn_NO" />
<meta property="og:type" content="article" />
<meta property="og:title" content="Patent och registreringsverket - Wennerström Ljuskontroll" />
<meta property="og:description" content="Nye, levende felleslokaler for personalet på Patent och registreringsverket Da Patent och registreringsverket trengte flere lokaler til personalet, bestemte man seg for å bygge om arkivet på loftet til et trivelig lunsj- og møtelokale. Med moderne belysning og innovative løsninger ble det skapt et innbydende miljø med kunstig belysning. Fra mørkt arkivrom til et trivelig [&hellip;]" />
<meta property="og:url" content="https://content.wlk.eu/no/patent_och_registreringsverket/" />
<meta property="og:site_name" content="Wennerström Ljuskontroll" />
<meta property="article:modified_time" content="2017-09-22T08:48:32+00:00" />
<meta name="twitter:card" content="summary_large_image" />
<meta name="twitter:label1" content="Est. reading time" />
	<meta name="twitter:data1" content="2 minutt" />
<script type="application/ld+json" class="yoast-schema-graph">{"@context":"https://schema.org","@graph":[{"@type":"WebPage","@id":"https://content.wlk.eu/no/patent_och_registreringsverket/","url":"https://content.wlk.eu/no/patent_och_registreringsverket/","name":"Patent och registreringsverket - Wennerström Ljuskontroll","isPartOf":{"@id":"https://content.wlk.eu/no/#website"},"datePublished":"2016-10-04T07:28:01+00:00","dateModified":"2017-09-22T08:48:32+00:00","breadcrumb":{"@id":"https://content.wlk.eu/no/patent_och_registreringsverket/#breadcrumb"},"inLanguage":"nn-NO","potentialAction":[{"@type":"ReadAction","target":["https://content.wlk.eu/no/patent_och_registreringsverket/"]}]},{"@type":"BreadcrumbList","@id":"https://content.wlk.eu/no/patent_och_registreringsverket/#breadcrumb","itemListElement":[{"@type":"ListItem","position":1,"name":"Hem","item":"https://content.wlk.eu/no/"},{"@type":"ListItem","position":2,"name":"Patent och registreringsverket"}]},{"@type":"WebSite","@id":"https://content.wlk.eu/no/#website","url":"https://content.wlk.eu/no/","name":"Wennerström Ljuskontroll","description":"","potentialAction":[{"@type":"SearchAction","target":{"@type":"EntryPoint","urlTemplate":"https://content.wlk.eu/no/?s={search_term_string}"},"query-input":{"@type":"PropertyValueSpecification","valueRequired":true,"valueName":"search_term_string"}}],"inLanguage":"nn-NO"}]}</script>
<!-- / Yoast SEO plugin. -->

Patent och registreringsverket - Wennerström Ljuskontroll

Nye, levende felleslokaler for personalet på Patent och registreringsverket Da Patent och registreringsverket trengte flere lokaler til personalet, bestemte man seg for å bygge om arkivet på loftet til et trivelig lunsj- og møtelokale. Med moderne belysning og innovative løsninger ble det skapt et innbydende miljø med kunstig belysning. Fra mørkt arkivrom til et trivelig [&hellip;]

Wennerström Ljuskontroll
